 m and x.
16
Let k(f) = f - 18. Let m be k(18). Let a be (-1856)/28 - ((-2)/7 + m). Let c = 76 + a. What is the greatest common factor of 10 and c?
10
Suppose -20657726 = -551*p + 73*p. Calculate the highest common divisor of 23 and p.
23
Let d be -7*((-681)/75 - (-10)/125). What is the greatest common factor of d and 423?
9
Let b = 870 + -582. Let j be (b/6)/4*2. What is the greatest common divisor of 3 and j?
3
Let v be ((-40)/28)/(80/(-280)). What is the greatest common factor of v and 4295?
5
Suppose 18*h - 176 = 10*h. Suppose 32 - h = 5*q. What is the highest common factor of 10 and q?
2
Let q be ((-88)/24 - -7) + (-2)/6. Let v(n) = n**2 + 6*n - 13. Let g be v(q). What is the highest common factor of g and 14?
14
Suppose 3352 - 472 = 40*o. Calculate the highest common divisor of o and 15624.
72
Let i be (-4)/22 + 690/165. Suppose i*v - 3*v - 368 = 0. Let b = 2238 + -2192. What is the highest common divisor of v and b?
46
Let h = 2348 + -5399. Let j be (-6)/21 - (-5 + h/21). What is the greatest common factor of j and 100?
50
Let f be ((-1)/(-5))/((-9)/(-405)). Suppose f*y = 14*y - 3*n - 2124, -n = -2*y + 849. Calculate the greatest common factor of 47 and y.
47
Suppose -4*p - 5*p = -4914. Let w = p + -273. Let r = 508 - w. Calculate the highest common divisor of r and 47.
47
Let w(c) = 11*c - 97. Let d be w(19). What is the greatest common divisor of 350 and d?
14
Let x = -324 + 608. Calculate the highest common factor of x and 28.
4
Let c(s) = 19 + 16 + 55 + 8*s. Let x be c(-10). What is the greatest common factor of x and 270?
10
Let i be -1*14*(-57)/38. Let w be 258 + (i/63 - 5/(-3)). What is the highest common factor of 10 and w?
10
Let z = 22258 - 21902. What is the greatest common divisor of z and 6497?
89
Let j = 977 - 958. Suppose j*c = -23*c + 924. Let l be 24*(-2)/(12/(-22)). What is the highest common factor of l and c?
22
Let m = 15 - 35. Let i be 15/m + 150/8 - -1. Suppose -5 = -6*k + i. What is the highest common factor of 1 and k?
1
Let w be 78/15*(-5)/(-2). Let a = -8499 - -8668. Calculate the greatest common factor of w and a.
13
Let q = -23 - 10. Suppose y + 3*s + 47 = 0, 2*y - y + 49 = -5*s. Let m = q - y. Calculate the highest common divisor of 55 and m.
11
Suppose 2190 = h - 3*j, 0 = -3*h - 3*j + 3292 + 3374. What is the greatest common divisor of h and 162?
54
Let s be (2/(-5))/((-83)/20335). Let w = 21 + 21. Calculate the greatest common factor of w and s.
14
Let f(c) = c**3 - 2*c**2 - 3*c. Let o = -359 - -520. Suppose 166*w - o*w - 25 = 0. Let p be f(w). Calculate the highest common divisor of p and 30.
30
Let w = -21482 - -21812. Calculate the highest common factor of w and 600.
30
Let q(u) = u**3 - 33*u**2 + 72*u + 244. Let a be q(34). What is the highest common divisor of 104 and a?
104
Let t = 147163 + -147156. Let l = -5 + 8. Calculate the greatest common divisor of l and t.
1
Let k = -334 - -336. Suppose -5*g + g - 3*s = -116, k*s + 18 = g. What is the highest common divisor of 2 and g?
2
Let p = 3259 + -3192. Calculate the highest common divisor of p and 737.
67
Let b be 80/210*7 - 79/(-3). Calculate the highest common factor of 145 and b.
29
Let r(w) = w**2 - 23*w - 47. Let v be r(25). Suppose v*g = 25 + 47. Suppose -31 = -7*j - 10. What is the greatest common divisor of g and j?
3
Let k(d) = 28*d**2 - 26*d - 4. Let y be k(2). What is the highest common divisor of y and 4984?
56
Let i(v) be the second derivative of 3*v**4/4 - 7*v**3/6 + 5*v**2 + 5*v. Let t be i(2). What is the greatest common divisor of t and 72?
8
Suppose -q + 6*q - s = 65, -q + 39 = 5*s. Suppose 100 = -628*p + 623*p. Let u be ((-6)/(-5))/(((-96)/p)/8). Calculate the highest common factor of q and u.
2
Suppose 2*w = -5*u - 2*w + 2799, -3*u = -w - 1676. Calculate the highest common divisor of u and 39.
13
Suppose -10*j + 16995 = -44325. Calculate the highest common divisor of j and 24.
12
Let j(o) = o + 49. Let n be j(-17). Let u = n + -32. Suppose 2*m + u*m = 2. What is the highest common factor of 16 and m?
1
Let y(t) = -t**3 + t + 1. Let j be y(2). Let p(l) = -l**3 + l**2 + 15*l + 16. Let i be p(j). What is the highest common divisor of i and 13?
13
Let y(u) = 186*u**2 - 10*u. Suppose 0 = -0*j - 9*j + 9. Let r be y(j). Calculate the greatest common divisor of 22 and r.
22
Suppose -2*p - 8 + 6 = 0, -5*t = 3*p - 32. Let k(w) = w**3 - 4*w**2 + 12*w - 22. Let s be k(t). Calculate the greatest common factor of s and 77.
11
Suppose 3*x - 79 = x + 3*k, x + 2*k = 22. Let v = -22699 - -22707. What is the greatest common divisor of x and v?
8
Let w be 248/12*(-9)/(-6). Let s be 8/(-8) + w/1. Let o be (0 - 12/(-7))/((-1)/(-7)). Calculate the highest common factor of o and s.
6
Suppose -3*z + 1824 = -5*f, -2*z = -86*f + 81*f - 1206. Calculate the greatest common divisor of z and 2266.
206
Suppose -6579*n + 6585*n = 672. Calculate the highest common factor of n and 148.
4
Let k = 236 - 212. Let f(x) = 6*x + x**2 + 0*x**2 + 0*x**2. Let a be f(6). What is the highest common factor of k and a?
24
Let l be 0 - (-11 + 12 + -9). Let c(y) = 10*y**2 + 22*y - 11. Let v be c(l). Calculate the highest common factor of 115 and v.
115
Suppose 89*v + 4742 = 79502. What is the greatest common divisor of 156 and v?
12
Let g be 671/61 + ((-4)/(-1) - 11). Calculate the highest common factor of 329 and g.
1
Suppose 2*u + 0*u - 26 = 0. Let h(f) = -13 + f**3 - 21*f**2 + 23 + 23*f - 5. Let p be h(20). What is the highest common factor of u and p?
13
Let d be (-4)/14 + 408/56 + -9. Let g be 0/(-1 + (-6)/d) - -5. Calculate the highest common divisor of g and 40.
5
Let s(l) = -9*l**3 - 2. Let w be s(-3). Let o = w + -169. Let v = -2460 - -2496. Calculate the greatest common factor of o and v.
36
Let h(k) = 41*k**2 - 3*k - 2. Let n be h(-4). What is the greatest common divisor of 148 and n?
74
Let a(q) = 1. Let c(w) = -2*w**2 + 14*w - 9. Let h(l) = 4*a(l) - c(l). Let k be h(7). Calculate the greatest common divisor of 65 and k.
13
Suppose 6*t + 6 = 4*t. Let v = t + 11. Suppose 14*b + 262 = 1494. What is the highest common factor of v and b?
8
Suppose 3*x = j - 29 - 3, 0 = 2*j + 3*x - 46. Suppose 29*l - 18 = j*l. What is the greatest common factor of 186 and l?
6
Let i be (-3*(-1352)/(-39))/((-4)/30). Calculate the greatest common factor of i and 26.
26
Let t be (-6)/8 + 22035/260. Calculate the greatest common divisor of t and 623.
7
Let d = 26 + -2. Let b(z) = -z**3 + 17*z**2 - 19*z - 8. Let m be b(15). Suppose m + 107 = t. Calculate the highest common divisor of d and t.
24
Suppose 0 = 5*x + 3*f - 209 - 982, 2*x - 3*f - 447 = 0. Calculate the highest common factor of 150 and x.
6
Let u be (0 + -1 - -36)*(-69)/(2898/(-84)). What is the highest common factor of 1750 and u?
70
Let c(y) = -y**3 - 2*y**2 + 7*y. Let p be c(-5). Let o(j) = 4*j**2 - 150*j + 1350. Let k be o(23). Calculate the highest common divisor of k and p.
8
Let f = 109 - -364. Let o = 493 - f. Let x(n) = -n**3 + 100. Let t be x(0). Calculate the greatest common factor of t and o.
20
Let h(k) = -10*k**3 - k - 3. Let i be h(-3). Let t = -1037 + 1067. Calculate the greatest common divisor of i and t.
30
Let d(z) = 50*z + 508. Let s be d(-10). Calculate the greatest common divisor of 2 and s.
2
Let q = -222 + 390. Let o = -67 + 89. Suppose o*g = 19*g + 42. What is the greatest common divisor of g and q?
14
Let x be (14/1)/(1 - -1). Suppose -j = 3*s - 13, -5*s - 4*j + 6*j = -x. Let v be 2*(40/10 + 19/2). What is the greatest common divisor of s and v?
3
Let y(t) = 2*t**2 + 47*t + 32. Let f be y(10). Calculate the highest common factor of 27 and f.
27
Let m(i) = -2*i + 20. Let b be m(10). Suppose b = -4*x + 4*x - 2*x. Suppose n - 13*n + 840 = x. Calculate the highest common factor of n and 14.
14
Let s(v) = 4*v + 1082. Let t be s(-36). Let p be 2*4/(-16)*-28. What is the highest common factor of p and t?
14
Let j(d) = -24*d + 26. Let z be j(-13). What is the greatest common divisor of 5239 and z?
169
Let y be 3*(1552/(-6))/8. Let f = -17 - y. Calculate the highest common divisor of f and 40.
40
Let z = -121 - -109. Let j = 8 + z. Let l(o) = 2*o**2 + 2*o - 22. Let n be l(j). What is the greatest common divisor of n and 4?
2
Let d = 852 - 860. Let j be (92/(-10))/(d*(-11)/(-1100)). Calculate the highest common di